{"id":328,"date":"2022-12-05T11:57:56","date_gmt":"2022-12-05T11:57:56","guid":{"rendered":"https:\/\/test.oshkursai.lt\/?page_id=328"},"modified":"2023-02-21T09:01:57","modified_gmt":"2023-02-21T09:01:57","slug":"osh-pass","status":"publish","type":"page","link":"https:\/\/test.oshkursai.lt\/?page_id=328","title":{"rendered":"OSH pass"},"content":{"rendered":"\n<h1>\n\t\tOSH pass \n\t<\/h1>\n\t\t\t\t<img decoding=\"async\" loading=\"lazy\" src=\"https:\/\/test.oshkursai.lt\/wp-content\/uploads\/2022\/12\/1-mockup.png\" alt=\"1 mockup\" itemprop=\"image\" height=\"1000\" width=\"1000\" title=\"1 mockup\" onerror=\"this.style.display='none'\"  \/>\n<h2>\n\t\tOSH pass \n\t<\/h2>\n<h3>\n\t\tMokymu metu susipa\u017einsite su:\n\t<\/h3>\n\t\u25cf Darb\u0173 saugos teis\u0117s aktais,<br \/>\n\u25cf rizikos faktoriais,<br \/>\n\u25cf nelaiming\u0173 atsitikim\u0173 ir katastrof\u0173 situacijomis,<br \/>\n\u25cf pavojingomis med\u017eiagomis,<br \/>\n\u25cf gaisro ir sprogimo apsaugos priemon\u0117mis,<br \/>\n\u25cf saugos \u012frankiais ir ma\u0161inomis,<br \/>\n\u25cf elektros keliamais pavojais,<br \/>\n\u25cf k\u0117limo pavojais,<br \/>\n\u25cf darbo auk\u0161tyje sauga,<br \/>\n\u25cf darbu pavojingose zonose,<br \/>\n\u25cf darb\u0173 saugos ergonomika,<br \/>\n\u25cf asmens apsaugos priemon\u0117mis.\n\t<strong>OSH pass<\/strong> suteikia galimyb\u0119 dirbti potencialiai sveikatai pavojingo pob\u016bd\u017eio darbus, tokiose srityse kaip: statyba, gamyba, darbas sandeliuose, naftos, duj\u0173 bei chemin\u0117s pramon\u0117s sektoriai ir t.t. Norint \u012fsidarbinti Olandijoje, Vokietijoje, Austrijoje, \u0160veicarijoje, \u0160vedijoje, Suomijoje, Norvegijoje, Belgijoje ir kitose ES \u0161alyse tokie mokymai paprastai yra privalomi.\n<p>I\u0161laikius egzamin\u0105, i\u0161duodami diplomas ir kortel\u0117, patvirtinantys kompetencij\u0105 vykdyti darbus.\u00a0 \u017dinias atnaujinti reikia kas 5 metus.<\/p>\n\t\u25cf Kolektyvine darbo vieta,<br \/>\n\u25cf bendra sauga,<br \/>\n\u25cf \u012fvadiniu instruktavimu,<br \/>\n\u25cf saugia darbo diena,<br \/>\n\u25cf veiksmais avarin\u0117je situacijoje.\n\t\t\t\t<img decoding=\"async\" loading=\"lazy\" src=\"https:\/\/test.oshkursai.lt\/wp-content\/uploads\/2022\/12\/1-mockup.png\" alt=\"1 mockup\" itemprop=\"image\" height=\"1000\" width=\"1000\" title=\"1 mockup\" onerror=\"this.style.display='none'\"  \/>\n\n","protected":false},"excerpt":{"rendered":"<p>OSH pass OSH pass Mokymu metu susipa\u017einsite su: \u25cf Darb\u0173 saugos teis\u0117s aktais, \u25cf rizikos faktoriais, \u25cf nelaiming\u0173 atsitikim\u0173 ir katastrof\u0173 situacijomis, \u25cf pavojingomis med\u017eiagomis, \u25cf gaisro ir sprogimo apsaugos priemon\u0117mis, \u25cf saugos \u012frankiais ir ma\u0161inomis, \u25cf elektros keliamais pavojais, \u25cf k\u0117limo pavojais, \u25cf darbo auk\u0161tyje sauga, \u25cf darbu pavojingose zonose, \u25cf darb\u0173 saugos ergonomika,&hellip;&nbsp;<a href=\"https:\/\/test.oshkursai.lt\/?page_id=328\" class=\"\" rel=\"bookmark\">Read More &raquo;<span class=\"screen-reader-text\">OSH pass<\/span><\/a><\/p>\n","protected":false},"author":2,"featured_media":0,"parent":0,"menu_order":0,"comment_status":"closed","ping_status":"closed","template":"page-templates\/template-pagebuilder-full-width.php","meta":{"neve_meta_sidebar":"","neve_meta_container":"","neve_meta_enable_content_width":"","neve_meta_content_width":0,"neve_meta_title_alignment":"","neve_meta_author_avatar":"","neve_post_elements_order":"","neve_meta_disable_header":"","neve_meta_disable_footer":"","neve_meta_disable_title":"","_ti_tpc_template_sync":false,"_ti_tpc_template_id":""},"yoast_head":"<!-- This site is optimized with the Yoast SEO plugin v20.2.1 - https:\/\/yoast.com\/wordpress\/plugins\/seo\/ -->\n<title>OSH pass -<\/title>\n<meta name=\"robots\" content=\"noindex, follow, max-snippet:-1, max-image-preview:large, max-video-preview:-1\" \/>\n<meta property=\"og:locale\" content=\"en_US\" \/>\n<meta property=\"og:type\" content=\"article\" \/>\n<meta property=\"og:title\" content=\"OSH pass -\" \/>\n<meta property=\"og:description\" content=\"OSH pass OSH pass Mokymu metu susipa\u017einsite su: \u25cf Darb\u0173 saugos teis\u0117s aktais, \u25cf rizikos faktoriais, \u25cf nelaiming\u0173 atsitikim\u0173 ir katastrof\u0173 situacijomis, \u25cf pavojingomis med\u017eiagomis, \u25cf gaisro ir sprogimo apsaugos priemon\u0117mis, \u25cf saugos \u012frankiais ir ma\u0161inomis, \u25cf elektros keliamais pavojais, \u25cf k\u0117limo pavojais, \u25cf darbo auk\u0161tyje sauga, \u25cf darbu pavojingose zonose, \u25cf darb\u0173 saugos ergonomika,&hellip;&nbsp;Read More &raquo;OSH pass\" \/>\n<meta property=\"og:url\" content=\"https:\/\/test.oshkursai.lt\/?page_id=328\" \/>\n<meta property=\"article:modified_time\" content=\"2023-02-21T09:01:57+00:00\" \/>\n<meta property=\"og:image\" content=\"https:\/\/test.oshkursai.lt\/wp-content\/uploads\/2022\/12\/1-mockup.png\" \/>\n<meta name=\"twitter:card\" content=\"summary_large_image\" \/>\n<script type=\"application\/ld+json\" class=\"yoast-schema-graph\">{\"@context\":\"https:\/\/schema.org\",\"@graph\":[{\"@type\":\"WebPage\",\"@id\":\"https:\/\/test.oshkursai.lt\/?page_id=328\",\"url\":\"https:\/\/test.oshkursai.lt\/?page_id=328\",\"name\":\"OSH pass -\",\"isPartOf\":{\"@id\":\"https:\/\/test.oshkursai.lt\/#website\"},\"datePublished\":\"2022-12-05T11:57:56+00:00\",\"dateModified\":\"2023-02-21T09:01:57+00:00\",\"breadcrumb\":{\"@id\":\"https:\/\/test.oshkursai.lt\/?page_id=328#breadcrumb\"},\"inLanguage\":\"en-US\",\"potentialAction\":[{\"@type\":\"ReadAction\",\"target\":[\"https:\/\/test.oshkursai.lt\/?page_id=328\"]}]},{\"@type\":\"BreadcrumbList\",\"@id\":\"https:\/\/test.oshkursai.lt\/?page_id=328#breadcrumb\",\"itemListElement\":[{\"@type\":\"ListItem\",\"position\":1,\"name\":\"Home\",\"item\":\"https:\/\/test.oshkursai.lt\/\"},{\"@type\":\"ListItem\",\"position\":2,\"name\":\"OSH pass\"}]},{\"@type\":\"WebSite\",\"@id\":\"https:\/\/test.oshkursai.lt\/#website\",\"url\":\"https:\/\/test.oshkursai.lt\/\",\"name\":\"\",\"description\":\"\",\"potentialAction\":[{\"@type\":\"SearchAction\",\"target\":{\"@type\":\"EntryPoint\",\"urlTemplate\":\"https:\/\/test.oshkursai.lt\/?s={search_term_string}\"},\"query-input\":\"required name=search_term_string\"}],\"inLanguage\":\"en-US\"}]}<\/script>\n<!-- \/ Yoast SEO plugin. -->","yoast_head_json":{"title":"OSH pass -","robots":{"index":"noindex","follow":"follow","max-snippet":"max-snippet:-1","max-image-preview":"max-image-preview:large","max-video-preview":"max-video-preview:-1"},"og_locale":"en_US","og_type":"article","og_title":"OSH pass -","og_description":"OSH pass OSH pass Mokymu metu susipa\u017einsite su: \u25cf Darb\u0173 saugos teis\u0117s aktais, \u25cf rizikos faktoriais, \u25cf nelaiming\u0173 atsitikim\u0173 ir katastrof\u0173 situacijomis, \u25cf pavojingomis med\u017eiagomis, \u25cf gaisro ir sprogimo apsaugos priemon\u0117mis, \u25cf saugos \u012frankiais ir ma\u0161inomis, \u25cf elektros keliamais pavojais, \u25cf k\u0117limo pavojais, \u25cf darbo auk\u0161tyje sauga, \u25cf darbu pavojingose zonose, \u25cf darb\u0173 saugos ergonomika,&hellip;&nbsp;Read More &raquo;OSH pass","og_url":"https:\/\/test.oshkursai.lt\/?page_id=328","article_modified_time":"2023-02-21T09:01:57+00:00","og_image":[{"url":"https:\/\/test.oshkursai.lt\/wp-content\/uploads\/2022\/12\/1-mockup.png"}],"twitter_card":"summary_large_image","schema":{"@context":"https:\/\/schema.org","@graph":[{"@type":"WebPage","@id":"https:\/\/test.oshkursai.lt\/?page_id=328","url":"https:\/\/test.oshkursai.lt\/?page_id=328","name":"OSH pass -","isPartOf":{"@id":"https:\/\/test.oshkursai.lt\/#website"},"datePublished":"2022-12-05T11:57:56+00:00","dateModified":"2023-02-21T09:01:57+00:00","breadcrumb":{"@id":"https:\/\/test.oshkursai.lt\/?page_id=328#breadcrumb"},"inLanguage":"en-US","potentialAction":[{"@type":"ReadAction","target":["https:\/\/test.oshkursai.lt\/?page_id=328"]}]},{"@type":"BreadcrumbList","@id":"https:\/\/test.oshkursai.lt\/?page_id=328#breadcrumb","itemListElement":[{"@type":"ListItem","position":1,"name":"Home","item":"https:\/\/test.oshkursai.lt\/"},{"@type":"ListItem","position":2,"name":"OSH pass"}]},{"@type":"WebSite","@id":"https:\/\/test.oshkursai.lt\/#website","url":"https:\/\/test.oshkursai.lt\/","name":"","description":"","potentialAction":[{"@type":"SearchAction","target":{"@type":"EntryPoint","urlTemplate":"https:\/\/test.oshkursai.lt\/?s={search_term_string}"},"query-input":"required name=search_term_string"}],"inLanguage":"en-US"}]}},"_links":{"self":[{"href":"https:\/\/test.oshkursai.lt\/index.php?rest_route=\/wp\/v2\/pages\/328"}],"collection":[{"href":"https:\/\/test.oshkursai.lt\/index.php?rest_route=\/wp\/v2\/pages"}],"about":[{"href":"https:\/\/test.oshkursai.lt\/index.php?rest_route=\/wp\/v2\/types\/page"}],"author":[{"embeddable":true,"href":"https:\/\/test.oshkursai.lt\/index.php?rest_route=\/wp\/v2\/users\/2"}],"replies":[{"embeddable":true,"href":"https:\/\/test.oshkursai.lt\/index.php?rest_route=%2Fwp%2Fv2%2Fcomments&post=328"}],"version-history":[{"count":8,"href":"https:\/\/test.oshkursai.lt\/index.php?rest_route=\/wp\/v2\/pages\/328\/revisions"}],"predecessor-version":[{"id":397,"href":"https:\/\/test.oshkursai.lt\/index.php?rest_route=\/wp\/v2\/pages\/328\/revisions\/397"}],"wp:attachment":[{"href":"https:\/\/test.oshkursai.lt\/index.php?rest_route=%2Fwp%2Fv2%2Fmedia&parent=328"}],"curies":[{"name":"wp","href":"https:\/\/api.w.org\/{rel}","templated":true}]}}